{"id":39,"date":"2013-08-10T23:22:41","date_gmt":"2013-08-10T23:22:41","guid":{"rendered":"http:\/\/localhost\/Polichno\/?page_id=39"},"modified":"2024-12-14T09:29:50","modified_gmt":"2024-12-14T08:29:50","slug":"obecny-urad","status":"publish","type":"page","link":"https:\/\/www.polichno.sk\/wp\/obecny-urad\/","title":{"rendered":"Kontakty"},"content":{"rendered":"\n<h2 class=\"wp-block-heading\"><span style=\"color: #0000ff;\">Obecn\u00fd \u00farad Polichno<\/span><\/h2>\n\n\n\n<h3 class=\"wp-block-heading\">Adresa<\/h3>\n\n\n\n<p>Polichno \u010d.138<br>PS\u010c 985 13<br>okr. Lu\u010denec<\/p>\n\n\n\n<p>tel.: 047 \/ 4379533<br>polichno@polichno.sk<\/p>\n\n\n\n<h3 class=\"wp-block-heading\">\u00daradn\u00e9 hodiny<\/h3>\n\n\n\n<figure class=\"wp-block-table\"><table><tbody><tr><td>Pondelok<\/td><td>8:00 &#8211; 15:00<\/td><\/tr><tr><td>Streda<\/td><td>8:00 &#8211; 15:00<\/td><\/tr><tr><td>Piatok<\/td><td>8:00 &#8211; 12:00<\/td><\/tr><\/tbody><\/table><\/figure>\n\n\n\n<h2 class=\"wp-block-heading\"><span style=\"color: #0000ff;\">Starosta obce<\/span><\/h2>\n\n\n\n<p><b>Pavel KYSE\u013d<\/b><br>Polichno \u010d. 76<\/p>\n\n\n\n<p>tel.: 047 \/ 4379533 mob.: 0905 270 436<br>kysel@polichno.sk<\/p>\n\n\n\n<h2 class=\"wp-block-heading\"><span style=\"color: #0000ff;\">Obecn\u00e9 zastupite\u013estvo<\/span><\/h2>\n\n\n\n<h3 class=\"wp-block-heading\">Poslanci OZ<\/h3>\n\n\n\n<ul class=\"wp-block-list\">\n<li>Eleon\u00f3ra Cibu\u013eov\u00e1 (z\u00e1stupca starostu obce)<\/li>\n\n\n\n<li>Iveta Doln\u00e1kov\u00e1<\/li>\n\n\n\n<li>Marian Hrn\u010diar<\/li>\n\n\n\n<li>Milan Kuchta<\/li>\n\n\n\n<li>J\u00e1n \u0160tevka<\/li>\n<\/ul>\n\n\n\n<h3 class=\"wp-block-heading\">Komisia verejn\u00e9ho z\u00e1ujmu<\/h3>\n\n\n\n<p>xxx (predseda)<br>Marian Hrn\u010diar, Milan Kuchta<\/p>\n\n\n\n<h3 class=\"wp-block-heading\">Komisia verejn\u00e9ho poriadku<\/h3>\n\n\n\n<p>xxx<\/p>\n\n\n\n<h3 class=\"wp-block-heading\">Poslanec poveren\u00fd zvol\u00e1van\u00edm a veden\u00edm sch\u00f4dze<\/h3>\n\n\n\n<p>Marian Hrn\u010diar<\/p>\n","protected":false},"excerpt":{"rendered":"<p>Obecn\u00fd \u00farad Polichno Adresa Polichno \u010d.138PS\u010c 985 13okr. Lu\u010denec tel.: 047 \/ 4379533polichno@polichno.sk \u00daradn\u00e9 hodiny Pondelok 8:00 &#8211; 15:00 Streda 8:00 &#8211; 15:00 Piatok 8:00 &#8211; 12:00 Starosta obce Pavel KYSE\u013dPolichno \u010d. 76 tel.: 047 \/ 4379533 mob.: 0905 270 436kysel@polichno.sk Obecn\u00e9 zastupite\u013estvo Poslanci OZ Komisia verejn\u00e9ho z\u00e1ujmu xxx (predseda)Marian Hrn\u010diar, Milan Kuchta Komisia verejn\u00e9ho [&hellip;]<\/p>\n","protected":false},"author":1,"featured_media":0,"parent":0,"menu_order":0,"comment_status":"closed","ping_status":"closed","template":"","meta":{"ngg_post_thumbnail":0,"footnotes":""},"class_list":["post-39","page","type-page","status-publish","hentry"],"_links":{"self":[{"href":"https:\/\/www.polichno.sk\/wp\/wp-json\/wp\/v2\/pages\/39","targetHints":{"allow":["GET"]}}],"collection":[{"href":"https:\/\/www.polichno.sk\/wp\/wp-json\/wp\/v2\/pages"}],"about":[{"href":"https:\/\/www.polichno.sk\/wp\/wp-json\/wp\/v2\/types\/page"}],"author":[{"embeddable":true,"href":"https:\/\/www.polichno.sk\/wp\/wp-json\/wp\/v2\/users\/1"}],"replies":[{"embeddable":true,"href":"https:\/\/www.polichno.sk\/wp\/wp-json\/wp\/v2\/comments?post=39"}],"version-history":[{"count":17,"href":"https:\/\/www.polichno.sk\/wp\/wp-json\/wp\/v2\/pages\/39\/revisions"}],"predecessor-version":[{"id":1572,"href":"https:\/\/www.polichno.sk\/wp\/wp-json\/wp\/v2\/pages\/39\/revisions\/1572"}],"wp:attachment":[{"href":"https:\/\/www.polichno.sk\/wp\/wp-json\/wp\/v2\/media?parent=39"}],"curies":[{"name":"wp","href":"https:\/\/api.w.org\/{rel}","templated":true}]}}

<h2 class="wp-block-heading"><span style="color: #0000ff;">Obecný úrad Polichno</span></h2>



<h3 class="wp-block-heading">Adresa</h3>



<p>Polichno č.138<br>PSČ 985 13<br>okr. Lučenec</p>



<p>tel.: 047 / 4379533<br>polichno@polichno.sk</p>



<h3 class="wp-block-heading">Úradné hodiny</h3>



<figure class="wp-block-table"><table><tbody><tr><td>Pondelok</td><td>8:00 &#8211; 15:00</td></tr><tr><td>Streda</td><td>8:00 &#8211; 15:00</td></tr><tr><td>Piatok</td><td>8:00 &#8211; 12:00</td></tr></tbody></table></figure>



<h2 class="wp-block-heading"><span style="color: #0000ff;">Starosta obce</span></h2>



<p><b>Pavel KYSEĽ</b><br>Polichno č. 76</p>



<p>tel.: 047 / 4379533 mob.: 0905 270 436<br>kysel@polichno.sk</p>



<h2 class="wp-block-heading"><span style="color: #0000ff;">Obecné zastupiteľstvo</span></h2>



<h3 class="wp-block-heading">Poslanci OZ</h3>



<ul class="wp-block-list">
<li>Eleonóra Cibuľová (zástupca starostu obce)</li>



<li>Iveta Dolnáková</li>



<li>Marian Hrnčiar</li>



<li>Milan Kuchta</li>



<li>Ján Števka</li>
</ul>



<h3 class="wp-block-heading">Komisia verejného záujmu</h3>



<p>xxx (predseda)<br>Marian Hrnčiar, Milan Kuchta</p>



<h3 class="wp-block-heading">Komisia verejného poriadku</h3>



<p>xxx</p>



<h3 class="wp-block-heading">Poslanec poverený zvolávaním a vedením schôdze</h3>



<p>Marian Hrnčiar</p>

<p>Obecný úrad Polichno Adresa Polichno č.138PSČ 985 13okr. Lučenec tel.: 047 / 4379533polichno@polichno.sk Úradné hodiny Pondelok 8:00 &#8211; 15:00 Streda 8:00 &#8211; 15:00 Piatok 8:00 &#8211; 12:00 Starosta obce Pavel KYSEĽPolichno č. 76 tel.: 047 / 4379533 mob.: 0905 270 436kysel@polichno.sk Obecné zastupiteľstvo Poslanci OZ Komisia verejného záujmu xxx (predseda)Marian Hrnčiar, Milan Kuchta Komisia verejného [&hellip;]</p>
